tors of 2025.
3, 5
List the prime factors of 698.
2, 349
List the prime factors of 1354.
2, 677
List the prime factors of 117076.
2, 29269
What are the prime factors of 1767?
3, 19, 31
List the prime factors of 9775.
5, 17, 23
What are the prime factors of 2332?
2, 11, 53
What are the prime factors of 75943?
7, 19, 571
What are the prime factors of 1010?
2, 5, 101
What are the prime factors of 75902?
2, 37951
What are the prime factors of 1063?
1063
List the prime factors of 788.
2, 197
What are the prime factors of 31852?
2, 7963
List the prime factors of 11745.
3, 5, 29
What are the prime factors of 10493?
7, 1499
What are the prime factors of 13?
13
List the prime factors of 25994.
2, 41, 317
List the prime factors of 13815.
3, 5, 307
What are the prime factors of 140152?
2, 17519
List the prime factors of 7192.
2, 29, 31
List the prime factors of 2277.
3, 11, 23
What are the prime factors of 4505?
5, 17, 53
List the prime factors of 2684.
2, 11, 61
What are the prime factors of 15952?
2, 997
List the prime factors of 51.
3, 17
List the prime factors of 1805.
5, 19
List the prime factors of 16757.
13, 1289
What are the prime factors of 4519?
4519
List the prime factors of 5025.
3, 5, 67
List the prime factors of 769.
769
What are the prime factors of 11847?
3, 11, 359
What are the prime factors of 2237?
2237
What are the prime factors of 1806?
2, 3, 7, 43
What are the prime factors of 4552?
2, 569
List the prime factors of 12242.
2, 6121
List the prime factors of 15687.
3, 7, 83
List the prime factors of 11004.
2, 3, 7, 131
List the prime factors of 6244.
2, 7, 223
What are the prime factors of 25204?
2, 6301
List the prime factors of 1482.
2, 3, 13, 19
List the prime factors of 22022.
2, 7, 11, 13
List the prime factors of 172459.
7, 71, 347
List the prime factors of 365.
5, 73
List the prime factors of 21987.
3, 7, 349
What are the prime factors of 60396?
2, 3, 7, 719
What are the prime factors of 69563?
13, 5351
List the prime factors of 1475.
5, 59
What are the prime factors of 6321?
3, 7, 43
What are the prime factors of 854?
2, 7, 61
What are the prime factors of 112?
2, 7
List the prime factors of 2048.
2
List the prime factors of 1311.
3, 19, 23
List the prime factors of 344.
2, 43
What are the prime factors of 4930?
2, 5, 17, 29
List the prime factors of 106463.
7, 67, 227
What are the prime factors of 197321?
37, 5333
What are the prime factors of 84488?
2, 59, 179
What are the prime factors of 22595?
5, 4519
What are the prime factors of 3827?
43, 89
What are the prime factors of 23809?
29, 821
What are the prime factors of 2473?
2473
List the prime factors of 46463.
97, 479
List the prime factors of 3730.
2, 5, 373
What are the prime factors of 13226?
2, 17, 389
What are the prime factors of 55871?
55871
List the prime factors of 11494.
2, 7, 821
What are the prime factors of 341?
11, 31
What are the prime factors of 117?
3, 13
What are the prime factors of 112530?
2, 3, 5, 11, 31
List the prime factors of 380.
2, 5, 19
List the prime factors of 12021.
3, 4007
List the prime factors of 161.
7, 23
What are the prime factors of 236?
2, 59
What are the prime factors of 964?
2, 241
What are the prime factors of 1297?
1297
What are the prime factors of 49033?
49033
List the prime factors of 103.
103
What are the prime factors of 3333?
3, 11, 101
List the prime factors of 8608.
2, 269
List the prime factors of 75.
3, 5
List the prime factors of 2438.
2, 23, 53
List the prime factors of 1044.
2, 3, 29
List the prime factors of 115798.
2, 57899
What are the prime factors of 4848?
2, 3, 101
List the prime factors of 1127.
7, 23
List the prime factors of 10346.
2, 7, 739
List the prime factors of 3042.
2, 3, 13
List the prime factors of 526.
2, 263
List the prime factors of 369.
3, 41
List the prime factors of 17199.
3, 7, 13
What are the prime factors of 29504?
2, 461
What are the prime factors of 1166?
2, 11, 53
What are the prime factors of 69?
3, 23
List the prime factors of 1704.
2, 3, 71
List the prime factors of 752.
2, 47
What are the prime factors of 19793?
19793
List the prime factors of 2755.
5, 19, 29
List the prime factors of 1969.
11, 179
What are the prime factors of 33408?
2, 3, 29
What are the prime factors of 118?
2, 59
List the prime factors of 653.
653
List the prime factors of 52391.
52391
List the prime factors of 504.
2, 3, 7
What are the prime factors of 1401?
3, 467
What are the prime factors of 10229?
53, 193
What are the prime factors of 1544?
2, 193
What are the prime factors of 1766?
2, 883
What are the prime factors of 16371?
3, 17, 107
What are the prime factors of 42601?
13, 29, 113
List the prime factors of 12418.
2, 7, 887
List the prime factors of 1156.
2, 17
List the prime factors of 111133.
11, 10103
What are the prime factors of 37087?
37087
What are the prime factors of 82125?
3, 5, 73
What are the prime factors of 47879?
13, 29, 127
What are the prime factors of 921?
3, 307
List the prime factors of 1010.
2, 5, 101
List the prime factors of 78795.
3, 5, 17, 103
List the prime factors of 47714.
2, 23857
What are the prime factors of 844?
2, 211
List the prime factors of 699.
3, 233
List the prime factors of 32318.
2, 11, 13, 113
What are the prime factors of 987?
3, 7, 47
List the prime factors of 1039.
1039
What are the prime factors of 17148?
2, 3, 1429
What are the prime factors of 13242?
2, 3, 2207
What are the prime factors of 7185?
3, 5, 479
What are the prime factors of 47?
47
What are the prime factors of 27003?
3, 9001
What are the prime factors of 982?
2, 491
List the prime factors of 4858.
2, 7, 347
List the prime factors of 756.
2, 3, 7
What are the prime factors of 13775?
5, 19, 29
What are the prime factors of 34230?
2, 3, 5, 7, 163
What are the prime factors of 5437?
5437
List the prime factors of 2997.
3, 37
List the prime factors of 7567.
7, 23, 47
List the prime factors of 9850.
2, 5, 197
List the prime factors of 36.
2, 3
What are the prime factors of 65222?
2, 32611
What are the prime factors of 2240?
2, 5, 7
List the prime factors of 7466.
2, 3733
List the prime factors of 371.
7, 53
List the prime factors of 567.
3, 7
What are the prime factors of 68469?
3, 29, 787
What are the prime factors of 18834?
2, 3, 43, 73
What are the prime factors of 4422?
2, 3, 11, 67
List the prime factors of 532.
2, 7, 19
List the prime factors of 493.
17, 29
What are the prime factors of 61684?
2, 7, 2203
What are the prime factors of 119820?
2, 3, 5, 1997
What are the prime factors of 29576?
2, 3697
List the prime factors of 23881.
11, 13, 167
What are the prime factors of 107429?
7, 103, 149
What are the prime factors of 4198?
2, 2099
List the prime factors of 5350.
2, 5, 107
List the prime factors of 9591.
3, 23, 139
List the prime factors of 3564.
2, 3, 11
What are the prime factors of 22179?
3, 7393
What are the prime factors of 19181?
19181
What are the prime factors of 1099?
7, 157
List the prime factors of 3616.
2, 113
List the prime factors of 4722.
2, 3, 787
List the prime factors of 29983.
29983
List the prime factors of 190823.
190823
What are the prime factors of 1483?
1483
What are the prime factors of 8238?
2, 3, 1373
List the prime factors of 703.
19, 37
List the prime factors of 3880.
2, 5, 97
What are the prime factors of 14591?
14591
What are the prime factors of 1369?
37
What are the prime factors of 1543?
1543
What are the prime factors of 9228?
2, 3, 769
List the prime factors of 19813.
19813
What are the prime factors of 50899?
23, 2213
List the prime factors of 21011.
21011
What are the prime factors of 5704?
2, 23, 31
What are the prime factors of 22017?
3, 41, 179
What are the prime factors of 26799?
3, 8933
List the prime factors of 5991.
3, 1997
List the prime factors of 818.
2, 409
What are the prime factors of 56304?
2, 3, 17, 23
What are the prime factors of 1692?
2, 3, 47
What are the prime factors of 4748?
2, 1187
List the prime factors of 7096.
2, 887
What are the prime factors of 278?
2, 139
List the prime factors of 16.
2
List the prime factors of 20500.
2, 5, 41
What are the prime factors of 11060?
2, 5, 7, 79
List the prime factors of 10357.
10357
List the prime factors of 14214.
2, 3, 23, 103
List the prime factors of 40926.
2, 3, 19, 359
What are the pri